is divided by 14?
13
Calculate the remainder when (-4 - -6)*(-3 + 32) is divided by 10.
8
Suppose -1 = y + 3*z - 2*z, 2*y = 3*z + 13. Suppose 34 = -r + y*r. What is the remainder when r is divided by 30/(-4)*(-24)/10?
16
Let j(l) = l**2 - 10*l - 10. Let y be j(10). Let t = 0 - y. Calculate the remainder when t is divided by 3.
1
Suppose -1 = j - h - 0, 15 = 3*h. Suppose -2*r - j = -12. Calculate the remainder when 10 is divided by r.
2
Calculate the remainder when (-1148)/(-21) + 4/(-6) is divided by 14.
12
Suppose 120 = -2*h + 8*h. What is the remainder when 77 is divided by h?
17
Let t = -52 + 92. Suppose t = 6*x - 2*x. Let z = x - 3. What is the remainder when 13 is divided by z?
6
Let r(c) = 1. Let t(w) = -w + 2. Let m(f) = -r(f) + t(f). Let x be m(3). Let s = 35 + x. What is the remainder when s is divided by 17?
16
Suppose -43 = -5*y + a, 7*y - 4*a = 3*y + 44. Let d(m) = -m**3 + 6*m**2 + 5. Let h = 10 + -5. What is the remainder when d(h) is divided by y?
6
Suppose -4*m = 5*s - 18, -5*m = 5*s - 0*s - 20. Calculate the remainder when 10 is divided by m.
0
Let h(j) = -2*j**3 - j**2 + 1. Let s be (116/(-10))/(2/(-10)). Let m = s - 33. Calculate the remainder when m is divided by h(-2).
12
Suppose z + 0*z - 75 = 0. Calculate the remainder when z is divided by 19.
18
Suppose -u = -2*d - 5*u - 8, 0 = -5*u - 5. Let k = d - -5. Let p = 68 + -65. Calculate the remainder when k is divided by p.
0
Suppose 5*i + 4*m - 74 = 0, i + 47 = 4*i + 5*m. What is the remainder when 41 is divided by i?
13
Let z(l) = -53*l + 1. Suppose 51 = 4*s - 5*h, h = 5*s - h - 68. Calculate the remainder when z(-1) is divided by s.
12
Let b(x) = -x + 1. Let m(v) = 7*v - 6 + 0 - 8 + 7*v. Let w(q) = -12*b(q) - m(q). What is the remainder when 26 is divided by w(-6)?
12
Let v(p) = p**2 + 2*p + 1. Let m be v(-3). Suppose 0 = -d + m*d - 60. Let x(q) = -2*q + 3. What is the remainder when d is divided by x(-4)?
9
Calculate the remainder when (3/9 - 1)/((-26)/8697) is divided by 45.
43
Let g(s) = -5 + 4*s**2 + s**3 + s**2 + 1 + 2*s. Let i(c) = -3*c**2 - c - 1. Let r be i(-1). Calculate the remainder when g(r) is divided by 5.
3
Let q = 36 + -17. Calculate the remainder when 54 is divided by q.
16
What is the remainder when (-2176)/(-28) + (-6)/(-21) is divided by 16?
14
Suppose d - 17 = -2*y, -5*d + 2*y = -y - 85. What is the remainder when d is divided by 3?
2
Let t(f) = 6*f**3 - 17*f + 17*f + 2*f**2. Let v be t(2). Suppose 3 = 3*z, 0*i - 3*i + v = 5*z. Calculate the remainder when 50 is divided by i.
16
Suppose 10 + 10 = 4*z. Suppose -z*x - 2*v + 34 = 0, 6*x - 28 = x - 4*v. Let d = x + -2. What is the remainder when 10 is divided by d?
4
Let z(s) = 3*s - 20. Suppose 0 = -3*l + 4*c + 9, -3*l - 2*c + 3 = -6. Calculate the remainder when (1/l)/(2/114) is divided by z(9).
5
Suppose 8 - 4 = 2*j. Suppose u - 2*v + 6 = -7*v, -51 = -5*u + j*v. What is the remainder when 16 is divided by u?
7
Let h(z) = -z**2 + 7*z. Let k be h(7). Let g be (-3)/(-1 + k) + 151. Suppose a + 3 - 1 = 0, g = 4*i - 3*a. What is the remainder when i is divided by 13?
11
Let l = 144 - 102. Let u(v) = 10*v**2 + 2*v - 1. Calculate the remainder when l is divided by u(1).
9
Let k(d) = -3*d + 1. What is the remainder when 50 is divided by k(-4)?
11
Suppose 0 = -4*r - 0*r. Suppose r = 3*w - 4*w + 7. What is the remainder when 25 is divided by w?
4
Suppose -3*o + 0*o = -24. What is the remainder when (o/6)/((-1)/(-6)) is divided by 5?
3
Suppose -l = -2*a + 6, 5*a + 3*l + 5 - 20 = 0. Suppose 24 = a*h - 0*h. Calculate the remainder when 21 is divided by h.
5
Suppose 28 = -3*l + 82. Suppose -2*c + 46 - l = 0. What is the remainder when 26 is divided by c?
12
Let b = 0 - -21. Let d(q) = -q**3 + 4*q**2 + 2*q - 4. What is the remainder when b is divided by d(3)?
10
Let w be (13 + 0)*(0 - -2). Suppose 2*g - 42 = w. Let p = 166 - 154. Calculate the remainder when g is divided by p.
10
Let b be (-14)/(-49) - 38/(-14). Suppose b*y = -3*v + 36, v - y - 5 = 13. Calculate the remainder when 29 is divided by v.
14
Let f = 1 + -1. Let o be 5 + 2 + f + -1. Suppose -m - 9 = -3*w, 3*w = o*w + 2*m. What is the remainder when 5 is divided by w?
1
Suppose 0 = 6*v + 4*v - 290. What is the remainder when 141 is divided by v?
25
Let h(r) = r**3 - 10*r**2 + r - 11. Let z be h(10). Calculate the remainder when (-23)/(z/(0 + 1)) is divided by 8.
7
Suppose 0*d - 3*d = -30. Suppose -5*j = -d*j + 115. Suppose -b - 5*i = -5*b + 12, -4*b = -3*i - 20. Calculate the remainder when j is divided by b.
7
Let j(i) be the third derivative of i**5/20 + i**4/24 - i**3/2 + i**2. What is the remainder when j(-3) is divided by 12?
9
Suppose 688 = -6*o + 22*o. What is the remainder when o is divided by 15?
13
Let g(r) = -2*r**2 + 13*r + 12. Let x(t) = -t**3 + 7*t**2 - 6*t + 2. Let n = 16 + -10. What is the remainder when g(7) is divided by x(n)?
1
Let g = 7 + -5. What is the remainder when 13/(g*3/6) is divided by 7?
6
Let v(k) = 10*k**2 + k - 2. Calculate the remainder when v(-2) is divided by 19.
17
Let d = 30 + -22. What is the remainder when d is divided by 3?
2
Suppose -i - 30 = -0*n - 4*n, n - 4 = 2*i. What is the remainder when 15 is divided by n?
7
Let p(t) = -t - 13. Let w be p(-10). Calculate the remainder when 22 + (1 - 4)/w is divided by 9.
5
Let p be (-4)/(-6)*(-3 - -6). Suppose -4*w - p*y + 70 = 0, 2*y = w + w - 32. What is the remainder when 33 is divided by w?
16
Suppose -2 + 22 = 2*r - 2*w, 0 = -5*r - w + 44. Calculate the remainder when 34 is divided by r.
7
Let h(t) = -t**2 + 3*t + 3. Let k be h(4). Let l be (k - -1)/(5/(-5)). Suppose 4*q + l = 8. What is the remainder when q is divided by 2?
0
Let x be (1*-3)/(15/380). Let a = x - -107. Let p = 45 - a. What is the remainder when 40 is divided by p?
12
Let p(j) = 24*j**2 - j. Let t = -2 + 3. Calculate the remainder when p(t) is divided by 8.
7
Let z(p) = -p**3 - p**2 - p + 16. Let u(c) = c**3 - c. Let w be u(0). Calculate the remainder when (116/4)/(-1)*3/(-3) is divided by z(w).
13
Let v(w) = 5*w**2 - w. Let h = -5 + 4. Let o = h - -18. What is the remainder when o is divided by v(-1)?
5
Let d = -2 - -10. Let v = -67 - -78. Calculate the remainder when (-2)/(-8) - (-254)/d is divided by v.
10
Calculate the remainder when (1/3 - (-14)/(-6))*-32 is divided by 22.
20
Suppose -4 - 11 = -5*u. Let j(o) = -3*o + 6. Let f be j(4). Calculate the remainder when 59 is divided by -1 + 19 - f/u.
19
Let s(b) = b**2 + 12*b - 4. What is the remainder when 1 + 3*(12 + -1) is divided by s(-13)?
7
Let q(i) = -2*i**3 - 2*i**2 + 3*i. Let u(n) = n**3 - 4*n**2 + n + 3. Calculate the remainder when q(-3) is divided by u(4).
6
Let q be 33/5 + 15/(-25). Suppose -q*j = -j - 25. Suppose -j*u + 17 = -53. What is the remainder when 27 is divided by u?
13
Suppose -3*g - 5*s = 3 - 19, 0 = g - s - 8. What is the remainder when 27 is divided by g?
6
Let l = 38 + 0. What is the remainder when 151 is divided by l?
37
Let k(c) = -45*c - 10. Let r be k(-4). Suppose 0 = 3*h - 9*q + 4*q - 255, -2*h = -4*q - r. Calculate the remainder when h is divided by 22.
19
Let a = 166 + -62. Suppose 2*s - 38 = -2*h, -5*h + a = -s - 21. Suppose -3*f + h + 15 = 0. Calculate the remainder when f is divided by 7.
6
Let m be 4/(-14) - (-144)/14. Let a be 12/((-5)/(m/(-3))). Let k = 0 + a. Calculate the remainder when 14 is divided by k.
6
Suppose 0 = -5*f - 4*v - v + 515, -2*f - 4*v = -210. Calculate the remainder when f is divided by 34.
33
Suppose -4*o + 3*o = -31. Calculate the remainder when o is divided by 16.
15
Let i(b) = 3*b**2 + b - 31. What is the remainder when i(-6) is divided by 12?
11
Let u = -8 - -6. What is the remainder when (-1*4)/(u/7) is divided by 5?
4
Let d be 4/22 + (-340)/55. Let v = 19 + d. Suppose -l + 2*g + 2*g + 29 = 0, 4*l = -4*g + 96. What is the remainder when l is divided by v?
12
Suppose s - 1 = 4. Suppose -5*j = t - 13, -s*j + 3*j + t + 8 = 0. Let m = 2 - -9. What is the remainder when m is divided by j?
2
Let k(r) = r**3 + 8*r**2 - 12*r - 13. Let c be k(-9). Let h = c - 1. What is the remainder when 38 is divided by h?
12
Suppose 5*d - 96 = -y, 2*d = 6*d - 4*y - 72. Suppose -4*g + 52 = 4*r, d + 35 = 4*r + 3*g. What is the remainder when 28 is divided by r?
13
Let r = 15 + -24. Let x = 20 + r. Suppose 2*y = 3